+ -1 + -25 + 10. Let x = v + m. What are the prime factors of x?
23
Suppose 4*i - 225 = i. Let o = i - 34. Suppose 0 = -3*f + o + 61. List the prime factors of f.
2, 17
List the prime factors of 10008/96*4/3.
139
Let a be 4/(-6)*(-4)/(8/(-15)). List the prime factors of 3/((-60)/628)*a.
157
Let k(g) = 3*g + 6. Let l be k(-1). Suppose -2*z - 3*s + 208 = 0, 2*z - l*s = -5*s + 206. List the prime factors of z.
101
Suppose 4*h - 116 = -4*g, 0 = -6*h + 10*h - 2*g - 104. Suppose 12*l - 225 = h. List the prime factors of l.
3, 7
Let o = -569 + -65. List the prime factors of (-48)/(-264) + o/(-22).
29
Suppose 0 = -105*y + 99*y + 14118. List the prime factors of y.
13, 181
Let u = -562 - -2153. What are the prime factors of u?
37, 43
Let o(k) = 4*k**3 + 4*k + 8*k**2 - 5*k**3 - 2 + 2*k - 4*k. List the prime factors of o(4).
2, 5, 7
Suppose -4*p - 3*z + 31 = 0, -p + 0 = -z - 13. Suppose 6*h - 40 = 11*h. Let l = h + p. What are the prime factors of l?
2
Let k(z) = -3*z + 6. Let b be k(-11). Suppose 2*l - 31 = b. What are the prime factors of l?
5, 7
Let s = 49 + 12. Let k = 30 + s. What are the prime factors of k?
7, 13
Let h be (-8)/(-40) + (-121)/5. Let y be 1/(12/(-9))*h. Let v = 53 - y. List the prime factors of v.
5, 7
Suppose 2*f - 4 - 26 = 0. Suppose -7*j + 2*j = f. What are the prime factors of ((-36)/(-15))/(j/(-15))?
2, 3
Suppose -46 = 3*l + 5*n, 5*l + 0 + 98 = -3*n. Let t = l + 16. Let r = t - -25. What are the prime factors of r?
19
Let p = -1 - -1. Suppose p = 5*v - 202 - 93. List the prime factors of v.
59
Let j = 27 + -9. Let l be (118/(-4))/(9/j). Let z = -12 - l. List the prime factors of z.
47
Let i(t) = -t**2 + 7*t + 1. Let l be i(7). List the prime factors of l/5 + 488/10.
7
Let r = -25 - -23. List the prime factors of (-1168)/(-20) + r/5.
2, 29
Let l(x) = 31*x**2 - 19*x + 51. List the prime factors of l(7).
3, 479
Suppose -5*k + 2*u = 32 + 134, 3*k - 3*u + 105 = 0. List the prime factors of k/(-4)*(-2)/(-1 + -3).
2
Suppose 0 = 41*g - 8910 - 14542. What are the prime factors of g?
2, 11, 13
Suppose 0 = 31*w - 34*w - 5*s + 3493, -5863 = -5*w + 2*s. List the prime factors of w.
1171
Let n = 21 - 9. Suppose n = -0*u - 3*u. Let q = 0 - u. What are the prime factors of q?
2
Let r(a) = 24*a**3 - a - 25*a**3 - 5 + 6*a**2 - 2*a. Let n be r(5). Suppose -w = -n*w + 72. List the prime factors of w.
2, 3
Suppose -50 = 2*y + 8*y. List the prime factors of (-1)/y + (3087/15 - 6).
2, 5
Let k be 8/(1 + 3) - 0. Suppose k = -2*y - 4. List the prime factors of 17 - 5/((-5)/y).
2, 7
What are the prime factors of -596*(130/40)/(-13)?
149
Let h(u) be the second derivative of -8*u**3/3 + 11*u**2/2 + 2*u + 21. List the prime factors of h(-5).
7, 13
Let u(a) = a**2 - 6*a + 4. Suppose 3*z + 2 = -5*b - 2, 4*b + 20 = 0. Let i be u(z). Suppose -3*j + 9 = 0, 0 = d - j - i - 8. What are the prime factors of d?
2, 11
Suppose 12 = -m - 2*m. List the prime factors of (735/10)/((-3)/m).
2, 7
Let f be (29/(-1))/((-6)/12). Suppose 0 = l + u - 36, 4*l + u = f + 95. What are the prime factors of l?
3, 13
Suppose -3*i = -2*i - 5*u - 5, i + u = 5. Let n(t) be the second derivative of 2*t**3/3 - 5*t**2 - 5*t. List the prime factors of n(i).
2, 5
Suppose -j + 167 = 2*b, 0*j + 10 = 2*j. Suppose -1 + b = 5*o. Let r(u) = -u + 23. List the prime factors of r(o).
7
Let a(y) = -597*y + 1. List the prime factors of a(-3).
2, 7
Suppose -15*o = 5*o - 15780. What are the prime factors of o?
3, 263
Let m(p) = p**2 - 16*p + 21. Let l be m(10). What are the prime factors of ((-169)/l)/((-2)/(-18))?
3, 13
Suppose -5*a = m - 35 + 10, 4*a - 26 = -2*m. List the prime factors of m*(-3)/9*-15.
5
Let n = -409 + 822. What are the prime factors of n?
7, 59
Suppose -8*g = -5*g - 12. Suppose -g*z + 6*v - v = -22, -11 = -5*z - 2*v. Suppose 88 - 10 = z*r. List the prime factors of r.
2, 13
Let c = -74 + 77. Suppose -c*b + 303 = 2*x, 0 = x - 4*b - 133 - 24. List the prime factors of x.
3, 17
Suppose 4*y = -0*y. Suppose -2*m + 4*r = -7*m + 506, y = -2*m - 5*r + 199. What are the prime factors of m?
2, 3, 17
Let x(m) = -39*m + 27*m - 30 + 27*m. Let i be (-2)/(-4) + (-13)/(-2). List the prime factors of x(i).
3, 5
Let w(l) = l**2 - 7*l + 12. Let m be w(4). Suppose 3*h - 4*p - 318 = m, -142 - 149 = -3*h - 5*p. What are the prime factors of h?
2, 3, 17
Suppose 4*t - 2*t = 0. Suppose 18 = 5*w + s, 4*w = -t*w - 2*s + 12. Suppose x - 9 = 2*g, x + 4*x = -w*g + 17. List the prime factors of x.
5
List the prime factors of (4/12*-3)/(1/(-4274)).
2, 2137
Let s be (24/(-18))/((-4)/774). Suppose 4*q - s + 34 = 0. What are the prime factors of q?
2, 7
Suppose 56*z = 67*z - 4015. What are the prime factors of z?
5, 73
Suppose -3*t + 188 = -v, -5*t + 0*t + 4*v = -325. Suppose 3*z = 2*z + t. What are the prime factors of z?
61
Suppose -r + 263 = -5*l, -1315 = -5*r + 5*l - 8*l. List the prime factors of r.
263
Let l be ((-3)/(6/(-8)))/(3/21). Let o = 47 + l. List the prime factors of o.
3, 5
Let a = 12 - 19. Let m(n) = 3*n**2 + 14*n + 4. List the prime factors of m(a).
53
Let c = -20 + 20. Suppose -14 = 3*z + 5*g, c = -3*z + 2*g - 3*g - 22. Let o = 11 + z. What are the prime factors of o?
3
What are the prime factors of 23756/52 - (-4)/26?
457
Let h be (-2 - 2)*(-1)/(-2). List the prime factors of (((-3)/(-9))/1)/(h/(-162)).
3
Let z be (-4)/(-6) + 2/(-3). Suppose -2*x + 0*h = h - 36, 2*x - 4*h - 36 = z. What are the prime factors of x?
2, 3
Let o(i) = 175*i**2 + 25*i - 32. List the prime factors of o(2).
2, 359
Let a = -127 - -130. Suppose -a*i - 279 = -1221. What are the prime factors of i?
2, 157
Suppose -2*m = -0*m + 132. List the prime factors of (-12)/m + (-1382)/(-22).
3, 7
List the prime factors of 2/((-58)/174*6/(-268)).
2, 67
Let g be 18/8 - (-3)/(-12). Suppose -3*o + g*u = -492, o - 2*o + 178 = 4*u. List the prime factors of o.
2, 83
Suppose -3*k - 7 = 5*l + 1, 2*k + 2*l + 4 = 0. Let o be -1 - (-27 - (4 + k)). Suppose -9 = j - o. List the prime factors of j.
2, 5
Let b(x) = x**3 + 8*x**2 + 3*x - 23. What are the prime factors of b(7)?
733
Let s be ((-42)/(-12))/7 + (-13)/2. Let y(z) = 5*z**2 + 4*z - 7. What are the prime factors of y(s)?
149
Let s = -2 - -3. Suppose 3*j - 5*b = -16, s + 6 = -j + 2*b. Suppose 46 = 3*h + 5*r, -j*h + 2*h + 4*r + 21 = 0. List the prime factors of h.
17
Let k = 37 - 30. Let w(g) = 2*g**2 - 9*g - 1. What are the prime factors of w(k)?
2, 17
Suppose -3 + 19 = 4*h. Suppose q - h*q = -2*m + 79, -q + 179 = 4*m. List the prime factors of m.
2, 11
Let f = 32 - 9. Suppose 0 = -27*g + f*g + 240. List the prime factors of g.
2, 3, 5
Let g = -1 + -5. Let c be 18*(0 - (-4)/g). Let f = 4 - c. List the prime factors of f.
2
Let k be (1179/27)/(1/(-3)). Suppose 2*j + 0*j - 3*h + 105 = 0, 2*h + 49 = -j. Let b = j - k. List the prime factors of b.
2, 5
List the prime factors of 3285/6 + 20/(-40).
547
Let m = 508 + -731. Let h = m - -321. What are the prime factors of h?
2, 7
Suppose -60 = -x - 3*x. Let t(f) = f**3 + x*f**2 - f - 28*f**2 + 20*f**2. List the prime factors of t(-6).
2, 3, 7
Suppose -g = z - 12, 2*z - 4*z + 5*g + 17 = 0. Let d be 0 + (3 - (1 - 163)). Suppose -z - d = -4*o. List the prime factors of o.
2, 11
Let g(v) = 30*v + 402. List the prime factors of g(0).
2, 3, 67
Suppose 4*c = 3*d - 0*d - 7, -11 = -3*c - d. Suppose c*s - 104 = -4*l, -l + 5*s + 2 = -2. Let f = 37 - l. What are the prime factors of f?
13
Let b(u) = -9*u + 2*u**3 - 14*u**2 - 7 - 1 + 5*u**2 - 3*u**3. Let d be b(-8). List the prime factors of ((-3 - d) + 89)/2.
43
Let o(b) = b**3 + 4*b**2 + 7*b + 6. What are the prime factors of o(5)?
2, 7, 19
Suppose 5*j + 3 = -7. Let d be (38/3)/(j/(-6)). Suppose p = -p + d. What are the prime factors of p?
19
Suppose -9*y = 312 - 1770. What are the prime factors of y?
2, 3
Let n(g) = -15*g**2 - 3 - 9*g**2 + 1 - 2*g + g**2. Let c be n(-2). What are the prime factors of 4/8*c/(-3)?
3, 5
Let l be 684/18*1*2. What are the prime factors of (-20)/16*(-1 + 0)*l?
5, 19
Suppose -2*h + 3*h - 3*o = 305, 5*h - 2*o - 1551 = 0. List the prime factors of h.
311
Suppose -103 = -4*o - 19. Suppose m + 17 = -4*y, -5*m + 3*y = -3*m - o. Suppose -97 = -d - 4*d - k, 44 = 2*d + m*k. List the prime factors of d.
19
Suppose 3*a = 5*g - 23 - 0, a = 3*g - 13. Suppose -g*r = -4*q - 32, 3*q = -r - 2*r + 24. 